{"id":3088,"date":"2023-05-04T10:58:03","date_gmt":"2023-05-04T08:58:03","guid":{"rendered":"http:\/\/pictureschool.fr\/?page_id=3088"},"modified":"2023-05-09T11:19:12","modified_gmt":"2023-05-09T09:19:12","slug":"network","status":"publish","type":"page","link":"https:\/\/pictureschool.fr\/index.php\/network\/","title":{"rendered":"Network"},"content":{"rendered":"\t\t<div data-elementor-type=\"wp-page\" data-elementor-id=\"3088\" class=\"elementor elementor-3088\">\n\t\t\t\t\t\t\t\t\t<section class=\"elementor-section elementor-top-section elementor-element elementor-element-9a0a967 elementor-section-height-min-height elementor-section-boxed elementor-section-height-default elementor-section-items-middle\" data-id=\"9a0a967\" data-element_type=\"section\" id=\"reseau-main\" data-settings=\"{&quot;background_background&quot;:&quot;classic&quot;}\">\n\t\t\t\t\t\t<div class=\"elementor-container elementor-column-gap-default\">\n\t\t\t\t\t<div class=\"elementor-column elementor-col-100 elementor-top-column elementor-element elementor-element-f9c10c4\" data-id=\"f9c10c4\" data-element_type=\"column\">\n\t\t\t<div class=\"elementor-widget-wrap elementor-element-populated\">\n\t\t\t\t\t\t\t\t<section class=\"elementor-section elementor-inner-section elementor-element elementor-element-3fa81e2 elementor-section-boxed elementor-section-height-default elementor-section-height-default\" data-id=\"3fa81e2\" data-element_type=\"section\" id=\"reseau-text-blk\">\n\t\t\t\t\t\t<div class=\"elementor-container elementor-column-gap-default\">\n\t\t\t\t\t<div class=\"elementor-column elementor-col-50 elementor-inner-column elementor-element elementor-element-a7b115b\" data-id=\"a7b115b\" data-element_type=\"column\">\n\t\t\t<div class=\"elementor-widget-wrap\">\n\t\t\t\t\t\t\t\t\t<\/div>\n\t\t<\/div>\n\t\t\t\t<div class=\"elementor-column elementor-col-50 elementor-inner-column elementor-element elementor-element-005bcbb\" data-id=\"005bcbb\" data-element_type=\"column\">\n\t\t\t<div class=\"elementor-widget-wrap elementor-element-populated\">\n\t\t\t\t\t\t\t\t<div class=\"elementor-element elementor-element-7bc93ac elementor-widget elementor-widget-heading\" data-id=\"7bc93ac\" data-element_type=\"widget\" data-widget_type=\"heading.default\">\n\t\t\t\t<div class=\"elementor-widget-container\">\n\t\t\t<style>\/*! elementor - v3.11.5 - 14-03-2023 *\/\n.elementor-heading-title{padding:0;margin:0;line-height:1}.elementor-widget-heading .elementor-heading-title[class*=elementor-size-]>a{color:inherit;font-size:inherit;line-height:inherit}.elementor-widget-heading .elementor-heading-title.elementor-size-small{font-size:15px}.elementor-widget-heading .elementor-heading-title.elementor-size-medium{font-size:19px}.elementor-widget-heading .elementor-heading-title.elementor-size-large{font-size:29px}.elementor-widget-heading .elementor-heading-title.elementor-size-xl{font-size:39px}.elementor-widget-heading .elementor-heading-title.elementor-size-xxl{font-size:59px}<\/style><h1 class=\"elementor-heading-title elementor-size-default\">Le R\u00e9seau<\/h1>\t\t<\/div>\n\t\t\t\t<\/div>\n\t\t\t\t<div class=\"elementor-element elementor-element-9a55f67 elementor-widget elementor-widget-text-editor\" data-id=\"9a55f67\" data-element_type=\"widget\" data-widget_type=\"text-editor.default\">\n\t\t\t\t<div class=\"elementor-widget-container\">\n\t\t\t<style>\/*! elementor - v3.11.5 - 14-03-2023 *\/\n.elementor-widget-text-editor.elementor-drop-cap-view-stacked .elementor-drop-cap{background-color:#818a91;color:#fff}.elementor-widget-text-editor.elementor-drop-cap-view-framed .elementor-drop-cap{color:#818a91;border:3px solid;background-color:transparent}.elementor-widget-text-editor:not(.elementor-drop-cap-view-default) .elementor-drop-cap{margin-top:8px}.elementor-widget-text-editor:not(.elementor-drop-cap-view-default) .elementor-drop-cap-letter{width:1em;height:1em}.elementor-widget-text-editor .elementor-drop-cap{float:left;text-align:center;line-height:1;font-size:50px}.elementor-widget-text-editor .elementor-drop-cap-letter{display:inline-block}<\/style>\t\t\t\t<p>L&#8217;\u00e9cole s&#8217;appuie sur le plus grand r\u00e9seau de professionnels du secteur, le m\u00e9diaClub. Il lui permet d&#8217;\u00eatre actif dans le placement des \u00e9tudiants et de s&#8217;attacher les services des meilleurs enseignants professionnels.<\/p>\t\t\t\t\t\t<\/div>\n\t\t\t\t<\/div>\n\t\t\t\t\t<\/div>\n\t\t<\/div>\n\t\t\t\t\t\t\t<\/div>\n\t\t<\/section>\n\t\t\t\t\t<\/div>\n\t\t<\/div>\n\t\t\t\t\t\t\t<\/div>\n\t\t<\/section>\n\t\t\t\t<section class=\"elementor-section elementor-top-section elementor-element elementor-element-c584704 elementor-section-boxed elementor-section-height-default elementor-section-height-default\" data-id=\"c584704\" data-element_type=\"section\" id=\"enseignants-main\" data-settings=\"{&quot;background_background&quot;:&quot;classic&quot;}\">\n\t\t\t\t\t\t<div class=\"elementor-container elementor-column-gap-default\">\n\t\t\t\t\t<div class=\"elementor-column elementor-col-100 elementor-top-column elementor-element elementor-element-030b974\" data-id=\"030b974\" data-element_type=\"column\">\n\t\t\t<div class=\"elementor-widget-wrap elementor-element-populated\">\n\t\t\t\t\t\t\t\t<section class=\"elementor-section elementor-inner-section elementor-element elementor-element-501647f elementor-section-boxed elementor-section-height-default elementor-section-height-default\" data-id=\"501647f\" data-element_type=\"section\" id=\"enseignants-head-blk\">\n\t\t\t\t\t\t<div class=\"elementor-container elementor-column-gap-default\">\n\t\t\t\t\t<div class=\"elementor-column elementor-col-100 elementor-inner-column elementor-element elementor-element-efee351\" data-id=\"efee351\" data-element_type=\"column\">\n\t\t\t<div class=\"elementor-widget-wrap elementor-element-populated\">\n\t\t\t\t\t\t\t\t<div class=\"elementor-element elementor-element-9362ec5 elementor-widget elementor-widget-heading\" data-id=\"9362ec5\" data-element_type=\"widget\" data-widget_type=\"heading.default\">\n\t\t\t\t<div class=\"elementor-widget-container\">\n\t\t\t<h2 class=\"elementor-heading-title elementor-size-default\">Intervenants - Enseignants<\/h2>\t\t<\/div>\n\t\t\t\t<\/div>\n\t\t\t\t\t<\/div>\n\t\t<\/div>\n\t\t\t\t\t\t\t<\/div>\n\t\t<\/section>\n\t\t\t\t<section class=\"elementor-section elementor-inner-section elementor-element elementor-element-a015f06 elementor-section-boxed elementor-section-height-default elementor-section-height-default\" data-id=\"a015f06\" data-element_type=\"section\" id=\"enseignants-text-blk\">\n\t\t\t\t\t\t<div class=\"elementor-container elementor-column-gap-default\">\n\t\t\t\t\t<div class=\"elementor-column elementor-col-50 elementor-inner-column elementor-element elementor-element-e3a15f3\" data-id=\"e3a15f3\" data-element_type=\"column\">\n\t\t\t<div class=\"elementor-widget-wrap elementor-element-populated\">\n\t\t\t\t\t\t\t\t<div class=\"elementor-element elementor-element-a0ccd41 elementor-widget elementor-widget-image\" data-id=\"a0ccd41\" data-element_type=\"widget\" data-widget_type=\"image.default\">\n\t\t\t\t<div class=\"elementor-widget-container\">\n\t\t\t<style>\/*! elementor - v3.11.5 - 14-03-2023 *\/\n.elementor-widget-image{text-align:center}.elementor-widget-image a{display:inline-block}.elementor-widget-image a img[src$=\".svg\"]{width:48px}.elementor-widget-image img{vertical-align:middle;display:inline-block}<\/style>\t\t\t\t\t\t\t\t\t\t\t\t<img loading=\"lazy\" decoding=\"async\" width=\"742\" height=\"691\" src=\"https:\/\/pictureschool.fr\/wp-content\/uploads\/2023\/05\/network-imgs_03.png\" class=\"attachment-full size-full wp-image-3108\" alt=\"\" srcset=\"https:\/\/pictureschool.fr\/wp-content\/uploads\/2023\/05\/network-imgs_03.png 742w, https:\/\/pictureschool.fr\/wp-content\/uploads\/2023\/05\/network-imgs_03-300x279.png 300w\" sizes=\"auto, (max-width: 742px) 100vw, 742px\" \/>\t\t\t\t\t\t\t\t\t\t\t\t\t\t\t<\/div>\n\t\t\t\t<\/div>\n\t\t\t\t\t<\/div>\n\t\t<\/div>\n\t\t\t\t<div class=\"elementor-column elementor-col-50 elementor-inner-column elementor-element elementor-element-85060bb\" data-id=\"85060bb\" data-element_type=\"column\" id=\"inter-txt-blk\">\n\t\t\t<div class=\"elementor-widget-wrap elementor-element-populated\">\n\t\t\t\t\t\t\t\t<div class=\"elementor-element elementor-element-51c9dff elementor-widget elementor-widget-text-editor\" data-id=\"51c9dff\" data-element_type=\"widget\" data-widget_type=\"text-editor.default\">\n\t\t\t\t<div class=\"elementor-widget-container\">\n\t\t\t\t\t\t\t<p>Quelques exemples : Myriam Gharbi, Productrice des &#8216;Papillons Noirs&#8217; (Netflix \/ arte), Anthony Lancret et Pierre Laugier, Producteurs de HPI (TF1), Elodie Ricquier-Veybel, Content<\/p><p>Partnership Management (Tik Tok), Julien Borde, Pr\u00e9sident de Mediawan Kids &amp; Family, producteur de &#8216;Ladybug&#8217; (Netflix), Arnaud de Cr\u00e9miers, Producteur de &#8216;Totems&#8217; (Amazon Prime), Kevin Deysson, Directeur de la Fiction (Disney+), Philip Boeffard, Fondateur et Producteur (Nord Ouest),<\/p><p>Marine Forde, Directrice de la production Cin\u00e9ma (Gaumont), Laurence L\u00e9nica (UGC), Elisabeth Torre-Vincent, Marketing Director (Tencent Games), Jean-Marc Rouhette, Directeur des Productions (Mediawan), S\u00e9gol\u00e8ne Zaug, Directrice Adjointe de la fiction digitale (France T\u00e9l\u00e9visions), Olivier Wotling, Directeur de la fiction (arte) &#8230;<\/p>\t\t\t\t\t\t<\/div>\n\t\t\t\t<\/div>\n\t\t\t\t\t<\/div>\n\t\t<\/div>\n\t\t\t\t\t\t\t<\/div>\n\t\t<\/section>\n\t\t\t\t\t<\/div>\n\t\t<\/div>\n\t\t\t\t\t\t\t<\/div>\n\t\t<\/section>\n\t\t\t\t<section class=\"elementor-section elementor-top-section elementor-element elementor-element-a56f77a elementor-section-boxed elementor-section-height-default elementor-section-height-default\" data-id=\"a56f77a\" data-element_type=\"section\" id=\"alumni-main-01\" data-settings=\"{&quot;background_background&quot;:&quot;classic&quot;}\">\n\t\t\t\t\t\t<div class=\"elementor-container elementor-column-gap-default\">\n\t\t\t\t\t<div class=\"elementor-column elementor-col-100 elementor-top-column elementor-element elementor-element-6463508\" data-id=\"6463508\" data-element_type=\"column\">\n\t\t\t<div class=\"elementor-widget-wrap elementor-element-populated\">\n\t\t\t\t\t\t\t\t<section class=\"elementor-section elementor-inner-section elementor-element elementor-element-4c29eeb elementor-section-boxed elementor-section-height-default elementor-section-height-default\" data-id=\"4c29eeb\" data-element_type=\"section\" id=\"alumni-text-blk\">\n\t\t\t\t\t\t<div class=\"elementor-container elementor-column-gap-default\">\n\t\t\t\t\t<div class=\"elementor-column elementor-col-50 elementor-inner-column elementor-element elementor-element-9642e90\" data-id=\"9642e90\" data-element_type=\"column\" id=\"alumni-txt\" data-settings=\"{&quot;background_background&quot;:&quot;classic&quot;}\">\n\t\t\t<div class=\"elementor-widget-wrap elementor-element-populated\">\n\t\t\t\t\t\t\t\t<div class=\"elementor-element elementor-element-897b473 elementor-widget elementor-widget-heading\" data-id=\"897b473\" data-element_type=\"widget\" data-widget_type=\"heading.default\">\n\t\t\t\t<div class=\"elementor-widget-container\">\n\t\t\t<h2 class=\"elementor-heading-title elementor-size-default\">Le r\u00e9seau d'anciens<br>\n(alumni)<\/h2>\t\t<\/div>\n\t\t\t\t<\/div>\n\t\t\t\t<div class=\"elementor-element elementor-element-16ed7de elementor-widget elementor-widget-text-editor\" data-id=\"16ed7de\" data-element_type=\"widget\" data-widget_type=\"text-editor.default\">\n\t\t\t\t<div class=\"elementor-widget-container\">\n\t\t\t\t\t\t\t<p>Les \u00e9tudiants rejoignent automatiquement le r\u00e9seau du m\u00e9diaClub (plus de 8.000 membres \u00e0 ce jour) compos\u00e9 de professionnels des m\u00e9dias, du cin\u00e9ma et de l&#8217;entertainment qui assurent aux futurs dipl\u00f4m\u00e9s des opportunit\u00e9s sans commune mesure.<\/p><p>Les plates-formes m\u00e9diaClub Talents, m\u00e9diaClub Jobs<br \/>leur offrent prioritairement l&#8217;acc\u00e8s aux offres du secteur (alternance, stage et emploi). Un partenariat avec le<br \/>cabinet de recrutement<\/p><p>Talent Sph\u00e8re offre de surcroit un accompagnement \u00e0 l&#8217;entr\u00e9e sur le march\u00e9 de l&#8217;emploi avec la gestion du r\u00e9seau comme enseignement obligatoire du cursus.<\/p>\t\t\t\t\t\t<\/div>\n\t\t\t\t<\/div>\n\t\t\t\t\t<\/div>\n\t\t<\/div>\n\t\t\t\t<div class=\"elementor-column elementor-col-50 elementor-inner-column elementor-element elementor-element-e9138ad\" data-id=\"e9138ad\" data-element_type=\"column\">\n\t\t\t<div class=\"elementor-widget-wrap elementor-element-populated\">\n\t\t\t\t\t\t\t\t<div class=\"elementor-element elementor-element-93f382a elementor-widget elementor-widget-image\" data-id=\"93f382a\" data-element_type=\"widget\" id=\"reseau-img-blk\" data-widget_type=\"image.default\">\n\t\t\t\t<div class=\"elementor-widget-container\">\n\t\t\t\t\t\t\t\t\t\t\t\t\t\t\t<img loading=\"lazy\" decoding=\"async\" width=\"686\" height=\"619\" src=\"https:\/\/pictureschool.fr\/wp-content\/uploads\/2023\/05\/network-imgs_10.png\" class=\"attachment-full size-full wp-image-3110\" alt=\"\" srcset=\"https:\/\/pictureschool.fr\/wp-content\/uploads\/2023\/05\/network-imgs_10.png 686w, https:\/\/pictureschool.fr\/wp-content\/uploads\/2023\/05\/network-imgs_10-300x271.png 300w\" sizes=\"auto, (max-width: 686px) 100vw, 686px\" \/>\t\t\t\t\t\t\t\t\t\t\t\t\t\t\t<\/div>\n\t\t\t\t<\/div>\n\t\t\t\t\t<\/div>\n\t\t<\/div>\n\t\t\t\t\t\t\t<\/div>\n\t\t<\/section>\n\t\t\t\t\t<\/div>\n\t\t<\/div>\n\t\t\t\t\t\t\t<\/div>\n\t\t<\/section>\n\t\t\t\t\t\t\t<\/div>\n\t\t","protected":false},"excerpt":{"rendered":"<p>Le R\u00e9seau L&#8217;\u00e9cole s&#8217;appuie sur le plus grand r\u00e9seau de professionnels du secteur, le m\u00e9diaClub. Il lui permet d&#8217;\u00eatre actif dans le placement des \u00e9tudiants et de s&#8217;attacher les services [&hellip;]<\/p>\n","protected":false},"author":1,"featured_media":0,"parent":0,"menu_order":0,"comment_status":"closed","ping_status":"closed","template":"","meta":{"footnotes":""},"class_list":["post-3088","page","type-page","status-publish","hentry"],"_links":{"self":[{"href":"https:\/\/pictureschool.fr\/index.php\/wp-json\/wp\/v2\/pages\/3088","targetHints":{"allow":["GET"]}}],"collection":[{"href":"https:\/\/pictureschool.fr\/index.php\/wp-json\/wp\/v2\/pages"}],"about":[{"href":"https:\/\/pictureschool.fr\/index.php\/wp-json\/wp\/v2\/types\/page"}],"author":[{"embeddable":true,"href":"https:\/\/pictureschool.fr\/index.php\/wp-json\/wp\/v2\/users\/1"}],"replies":[{"embeddable":true,"href":"https:\/\/pictureschool.fr\/index.php\/wp-json\/wp\/v2\/comments?post=3088"}],"version-history":[{"count":97,"href":"https:\/\/pictureschool.fr\/index.php\/wp-json\/wp\/v2\/pages\/3088\/revisions"}],"predecessor-version":[{"id":4570,"href":"https:\/\/pictureschool.fr\/index.php\/wp-json\/wp\/v2\/pages\/3088\/revisions\/4570"}],"wp:attachment":[{"href":"https:\/\/pictureschool.fr\/index.php\/wp-json\/wp\/v2\/media?parent=3088"}],"curies":[{"name":"wp","href":"https:\/\/api.w.org\/{rel}","templated":true}]}}