{"id":2820,"date":"2023-05-04T08:06:33","date_gmt":"2023-05-04T06:06:33","guid":{"rendered":"http:\/\/pictureschool.fr\/?page_id=2820"},"modified":"2023-05-05T11:52:07","modified_gmt":"2023-05-05T09:52:07","slug":"faqs","status":"publish","type":"page","link":"https:\/\/pictureschool.fr\/index.php\/faqs\/","title":{"rendered":"Faqs"},"content":{"rendered":"\t\t<div data-elementor-type=\"wp-page\" data-elementor-id=\"2820\" class=\"elementor elementor-2820\">\n\t\t\t\t\t\t\t\t\t<section class=\"elementor-section elementor-top-section elementor-element elementor-element-bb88f56 elementor-section-height-min-height elementor-section-boxed elementor-section-height-default elementor-section-items-middle\" data-id=\"bb88f56\" data-element_type=\"section\" id=\"faqs-banner-main\" data-settings=\"{&quot;background_background&quot;:&quot;classic&quot;}\">\n\t\t\t\t\t\t<div class=\"elementor-container elementor-column-gap-default\">\n\t\t\t\t\t<div class=\"elementor-column elementor-col-100 elementor-top-column elementor-element elementor-element-3077ba9\" data-id=\"3077ba9\" data-element_type=\"column\">\n\t\t\t<div class=\"elementor-widget-wrap elementor-element-populated\">\n\t\t\t\t\t\t\t\t<section class=\"elementor-section elementor-inner-section elementor-element elementor-element-d2a31db elementor-section-boxed elementor-section-height-default elementor-section-height-default\" data-id=\"d2a31db\" data-element_type=\"section\">\n\t\t\t\t\t\t<div class=\"elementor-container elementor-column-gap-default\">\n\t\t\t\t\t<div class=\"elementor-column elementor-col-50 elementor-inner-column elementor-element elementor-element-fcb3e01\" data-id=\"fcb3e01\" data-element_type=\"column\">\n\t\t\t<div class=\"elementor-widget-wrap\">\n\t\t\t\t\t\t\t\t\t<\/div>\n\t\t<\/div>\n\t\t\t\t<div class=\"elementor-column elementor-col-50 elementor-inner-column elementor-element elementor-element-7fdbf9a\" data-id=\"7fdbf9a\" data-element_type=\"column\" id=\"faqs-txt-blk-01\">\n\t\t\t<div class=\"elementor-widget-wrap elementor-element-populated\">\n\t\t\t\t\t\t\t\t<div class=\"elementor-element elementor-element-4fae57a elementor-widget elementor-widget-heading\" data-id=\"4fae57a\" data-element_type=\"widget\" data-widget_type=\"heading.default\">\n\t\t\t\t<div class=\"elementor-widget-container\">\n\t\t\t<style>\/*! elementor - v3.11.5 - 14-03-2023 *\/\n.elementor-heading-title{padding:0;margin:0;line-height:1}.elementor-widget-heading .elementor-heading-title[class*=elementor-size-]>a{color:inherit;font-size:inherit;line-height:inherit}.elementor-widget-heading .elementor-heading-title.elementor-size-small{font-size:15px}.elementor-widget-heading .elementor-heading-title.elementor-size-medium{font-size:19px}.elementor-widget-heading .elementor-heading-title.elementor-size-large{font-size:29px}.elementor-widget-heading .elementor-heading-title.elementor-size-xl{font-size:39px}.elementor-widget-heading .elementor-heading-title.elementor-size-xxl{font-size:59px}<\/style><h1 class=\"elementor-heading-title elementor-size-default\">Questions <br>\nFrequemment<br>\nPos\u00e9es<\/h1>\t\t<\/div>\n\t\t\t\t<\/div>\n\t\t\t\t<div class=\"elementor-element elementor-element-32f0f54 elementor-widget elementor-widget-text-editor\" data-id=\"32f0f54\" data-element_type=\"widget\" data-widget_type=\"text-editor.default\">\n\t\t\t\t<div class=\"elementor-widget-container\">\n\t\t\t<style>\/*! elementor - v3.11.5 - 14-03-2023 *\/\n.elementor-widget-text-editor.elementor-drop-cap-view-stacked .elementor-drop-cap{background-color:#818a91;color:#fff}.elementor-widget-text-editor.elementor-drop-cap-view-framed .elementor-drop-cap{color:#818a91;border:3px solid;background-color:transparent}.elementor-widget-text-editor:not(.elementor-drop-cap-view-default) .elementor-drop-cap{margin-top:8px}.elementor-widget-text-editor:not(.elementor-drop-cap-view-default) .elementor-drop-cap-letter{width:1em;height:1em}.elementor-widget-text-editor .elementor-drop-cap{float:left;text-align:center;line-height:1;font-size:50px}.elementor-widget-text-editor .elementor-drop-cap-letter{display:inline-block}<\/style>\t\t\t\t<p>Retrouvez ici les questions les plus couramment pos\u00e9es<br \/>par nos postulants.<\/p>\t\t\t\t\t\t<\/div>\n\t\t\t\t<\/div>\n\t\t\t\t\t<\/div>\n\t\t<\/div>\n\t\t\t\t\t\t\t<\/div>\n\t\t<\/section>\n\t\t\t\t\t<\/div>\n\t\t<\/div>\n\t\t\t\t\t\t\t<\/div>\n\t\t<\/section>\n\t\t\t\t<section class=\"elementor-section elementor-top-section elementor-element elementor-element-8d3989a elementor-section-boxed elementor-section-height-default elementor-section-height-default\" data-id=\"8d3989a\" data-element_type=\"section\" id=\"faqs-main\">\n\t\t\t\t\t\t<div class=\"elementor-container elementor-column-gap-default\">\n\t\t\t\t\t<div class=\"elementor-column elementor-col-100 elementor-top-column elementor-element elementor-element-5a07ebe\" data-id=\"5a07ebe\" data-element_type=\"column\">\n\t\t\t<div class=\"elementor-widget-wrap elementor-element-populated\">\n\t\t\t\t\t\t\t\t<section class=\"elementor-section elementor-inner-section elementor-element elementor-element-d4e8f87 elementor-section-boxed elementor-section-height-default elementor-section-height-default\" data-id=\"d4e8f87\" data-element_type=\"section\" id=\"faqs-inner-section\">\n\t\t\t\t\t\t<div class=\"elementor-container elementor-column-gap-default\">\n\t\t\t\t\t<div class=\"elementor-column elementor-col-100 elementor-inner-column elementor-element elementor-element-432568a\" data-id=\"432568a\" data-element_type=\"column\">\n\t\t\t<div class=\"elementor-widget-wrap elementor-element-populated\">\n\t\t\t\t\t\t\t\t<div class=\"elementor-element elementor-element-88608fb elementor-widget elementor-widget-eael-adv-accordion\" data-id=\"88608fb\" data-element_type=\"widget\" id=\"une-faqs-01\" data-widget_type=\"eael-adv-accordion.default\">\n\t\t\t\t<div class=\"elementor-widget-container\">\n\t\t\t        <div class=\"eael-adv-accordion\" id=\"eael-adv-accordion-88608fb\" data-accordion-id=\"88608fb\" data-accordion-type=\"accordion\" data-toogle-speed=\"300\">\n    <div class=\"eael-accordion-list\">\n                <div id=\"pourquoi-une-nouvelle-cole\" class=\"elementor-tab-title eael-accordion-header\" tabindex=\"1431\" data-tab=\"1\" aria-controls=\"elementor-tab-content-1431\"><span class=\"eael-advanced-accordion-icon-closed\"><i aria-hidden=\"true\" class=\"fa-accordion-icon far fa-question-circle\"><\/i><\/span><span class=\"eael-advanced-accordion-icon-opened\"><i aria-hidden=\"true\" class=\"fa-accordion-icon far fa-question-circle\"><\/i><\/span><span class=\"eael-accordion-tab-title\">Pourquoi une nouvelle \u00e9cole?<\/span><i aria-hidden=\"true\" class=\"fa-toggle fas fa-angle-down\"><\/i><\/div><div id=\"elementor-tab-content-1431\" class=\"eael-accordion-content clearfix\" data-tab=\"1\" aria-labelledby=\"pourquoi-une-nouvelle-cole\"><p><div class=\"faqs-contant\">\n<div class=\"faqs-txt\">\n<h4>Secteurs porteurs dans le contenu :<\/h4>\n<img loading=\"lazy\" decoding=\"async\" src=\"http:\/\/pictureschool.fr\/wp-content\/uploads\/2023\/05\/check_03.png\" alt=\"\" width=\"13\" height=\"10\" class=\"alignnone size-full wp-image-2927\" \/>  Marketing num\u00e9rique\n<br>\n<img loading=\"lazy\" decoding=\"async\" src=\"http:\/\/pictureschool.fr\/wp-content\/uploads\/2023\/05\/check_03.png\" alt=\"\" width=\"13\" height=\"10\" class=\"alignnone size-full wp-image-2927\" \/> Contenu vid\u00e9o (par exemple, YouTube et les r\u00e9seaux sociaux)\n<br>\n<img loading=\"lazy\" decoding=\"async\" src=\"http:\/\/pictureschool.fr\/wp-content\/uploads\/2023\/05\/check_03.png\" alt=\"\" width=\"13\" height=\"10\" class=\"alignnone size-full wp-image-2927\" \/> Production de s\u00e9ries et de films unitaires\n<br>\n<img loading=\"lazy\" decoding=\"async\" src=\"http:\/\/pictureschool.fr\/wp-content\/uploads\/2023\/05\/check_03.png\" alt=\"\" width=\"13\" height=\"10\" class=\"alignnone size-full wp-image-2927\" \/> Les effets sp\u00e9ciaux : tous m\u00e9tiers\n<br>\n<img loading=\"lazy\" decoding=\"async\" src=\"http:\/\/pictureschool.fr\/wp-content\/uploads\/2023\/05\/check_03.png\" alt=\"\" width=\"13\" height=\"10\" class=\"alignnone size-full wp-image-2927\" \/> L'administration de production\n<br>\n<img loading=\"lazy\" decoding=\"async\" src=\"http:\/\/pictureschool.fr\/wp-content\/uploads\/2023\/05\/check_03.png\" alt=\"\" width=\"13\" height=\"10\" class=\"alignnone size-full wp-image-2927\" \/> Intelligence artificielle et analyse de donn\u00e9es\n<br>\n<img loading=\"lazy\" decoding=\"async\" src=\"http:\/\/pictureschool.fr\/wp-content\/uploads\/2023\/05\/check_03.png\" alt=\"\" width=\"13\" height=\"10\" class=\"alignnone size-full wp-image-2927\" \/> Marketing de contenu (cr\u00e9ation de contenu pour les marques)\n<br>\n<img loading=\"lazy\" decoding=\"async\" src=\"http:\/\/pictureschool.fr\/wp-content\/uploads\/2023\/05\/check_03.png\" alt=\"\" width=\"13\" height=\"10\" class=\"alignnone size-full wp-image-2927\" \/> Technologie vocale (assistants virtuels tels que Siri et Alexa)\n\n<h4 class=\"h4-10\">Secteurs qui cr\u00e9eront le plus d'emploi :<\/h4>\n<img loading=\"lazy\" decoding=\"async\" src=\"http:\/\/pictureschool.fr\/wp-content\/uploads\/2023\/05\/check_03.png\" alt=\"\" width=\"13\" height=\"10\" class=\"alignnone size-full wp-image-2927\" \/> Intelligence artificielle et analyse de donn\u00e9es\n<br>\n<img loading=\"lazy\" decoding=\"async\" src=\"http:\/\/pictureschool.fr\/wp-content\/uploads\/2023\/05\/check_03.png\" alt=\"\" width=\"13\" height=\"10\" class=\"alignnone size-full wp-image-2927\" \/> Technologie de la r\u00e9alit\u00e9 augment\u00e9e\/virtuelle\n<br>\n<img loading=\"lazy\" decoding=\"async\" src=\"http:\/\/pictureschool.fr\/wp-content\/uploads\/2023\/05\/check_03.png\" alt=\"\" width=\"13\" height=\"10\" class=\"alignnone size-full wp-image-2927\" \/> Technologie de la r\u00e9alit\u00e9 augment\u00e9e\/virtuelle\n<br>\n<img loading=\"lazy\" decoding=\"async\" src=\"http:\/\/pictureschool.fr\/wp-content\/uploads\/2023\/05\/check_03.png\" alt=\"\" width=\"13\" height=\"10\" class=\"alignnone size-full wp-image-2927\" \/> Conception d'univers virtuels\n<br>\n<img loading=\"lazy\" decoding=\"async\" src=\"http:\/\/pictureschool.fr\/wp-content\/uploads\/2023\/05\/check_03.png\" alt=\"\" width=\"13\" height=\"10\" class=\"alignnone size-full wp-image-2927\" \/> Marketing de contenu.\n<\/div>\n<div class=\"faqs-img\">\n<img loading=\"lazy\" decoding=\"async\" src=\"http:\/\/pictureschool.fr\/wp-content\/uploads\/2023\/05\/faqs-img_03-300x260.png\" alt=\"\" width=\"562\" height=\"488\" class=\"alignnone size-medium wp-image-2944\" srcset=\"https:\/\/pictureschool.fr\/wp-content\/uploads\/2023\/05\/faqs-img_03-300x260.png 300w, https:\/\/pictureschool.fr\/wp-content\/uploads\/2023\/05\/faqs-img_03.png 562w\" sizes=\"auto, (max-width: 562px) 100vw, 562px\" \/> \n<\/div>\n<\/div><\/p><\/div>\n                <\/div><div class=\"eael-accordion-list\">\n                <div id=\"les-secteurs-porteurs-et-lemploi\" class=\"elementor-tab-title eael-accordion-header\" tabindex=\"1432\" data-tab=\"2\" aria-controls=\"elementor-tab-content-1432\"><span class=\"eael-advanced-accordion-icon-closed\"><i aria-hidden=\"true\" class=\"fa-accordion-icon far fa-question-circle\"><\/i><\/span><span class=\"eael-advanced-accordion-icon-opened\"><i aria-hidden=\"true\" class=\"fa-accordion-icon far fa-question-circle\"><\/i><\/span><span class=\"eael-accordion-tab-title\">Les secteurs porteurs et l'emploi<\/span><i aria-hidden=\"true\" class=\"fa-toggle fas fa-angle-down\"><\/i><\/div><div id=\"elementor-tab-content-1432\" class=\"eael-accordion-content clearfix\" data-tab=\"2\" aria-labelledby=\"les-secteurs-porteurs-et-lemploi\"><p><div class=\"faqs-contant\">\n<div class=\"faqs-txt\">\n<h4>Secteurs porteurs dans le contenu :<\/h4>\n<img loading=\"lazy\" decoding=\"async\" src=\"http:\/\/pictureschool.fr\/wp-content\/uploads\/2023\/05\/check_03.png\" alt=\"\" width=\"13\" height=\"10\" class=\"alignnone size-full wp-image-2927\" \/>  Marketing num\u00e9rique\n<br>\n<img loading=\"lazy\" decoding=\"async\" src=\"http:\/\/pictureschool.fr\/wp-content\/uploads\/2023\/05\/check_03.png\" alt=\"\" width=\"13\" height=\"10\" class=\"alignnone size-full wp-image-2927\" \/> Contenu vid\u00e9o (par exemple, YouTube et les r\u00e9seaux sociaux)\n<br>\n<img loading=\"lazy\" decoding=\"async\" src=\"http:\/\/pictureschool.fr\/wp-content\/uploads\/2023\/05\/check_03.png\" alt=\"\" width=\"13\" height=\"10\" class=\"alignnone size-full wp-image-2927\" \/> Production de s\u00e9ries et de films unitaires\n<br>\n<img loading=\"lazy\" decoding=\"async\" src=\"http:\/\/pictureschool.fr\/wp-content\/uploads\/2023\/05\/check_03.png\" alt=\"\" width=\"13\" height=\"10\" class=\"alignnone size-full wp-image-2927\" \/> Les effets sp\u00e9ciaux : tous m\u00e9tiers\n<br>\n<img loading=\"lazy\" decoding=\"async\" src=\"http:\/\/pictureschool.fr\/wp-content\/uploads\/2023\/05\/check_03.png\" alt=\"\" width=\"13\" height=\"10\" class=\"alignnone size-full wp-image-2927\" \/> L'administration de production\n<br>\n<img loading=\"lazy\" decoding=\"async\" src=\"http:\/\/pictureschool.fr\/wp-content\/uploads\/2023\/05\/check_03.png\" alt=\"\" width=\"13\" height=\"10\" class=\"alignnone size-full wp-image-2927\" \/> Intelligence artificielle et analyse de donn\u00e9es\n<br>\n<img loading=\"lazy\" decoding=\"async\" src=\"http:\/\/pictureschool.fr\/wp-content\/uploads\/2023\/05\/check_03.png\" alt=\"\" width=\"13\" height=\"10\" class=\"alignnone size-full wp-image-2927\" \/> Marketing de contenu (cr\u00e9ation de contenu pour les marques)\n<br>\n<img loading=\"lazy\" decoding=\"async\" src=\"http:\/\/pictureschool.fr\/wp-content\/uploads\/2023\/05\/check_03.png\" alt=\"\" width=\"13\" height=\"10\" class=\"alignnone size-full wp-image-2927\" \/> Technologie vocale (assistants virtuels tels que Siri et Alexa)\n\n<h4 class=\"h4-10\">Secteurs qui cr\u00e9eront le plus d'emploi :<\/h4>\n<img loading=\"lazy\" decoding=\"async\" src=\"http:\/\/pictureschool.fr\/wp-content\/uploads\/2023\/05\/check_03.png\" alt=\"\" width=\"13\" height=\"10\" class=\"alignnone size-full wp-image-2927\" \/> Intelligence artificielle et analyse de donn\u00e9es\n<br>\n<img loading=\"lazy\" decoding=\"async\" src=\"http:\/\/pictureschool.fr\/wp-content\/uploads\/2023\/05\/check_03.png\" alt=\"\" width=\"13\" height=\"10\" class=\"alignnone size-full wp-image-2927\" \/> Technologie de la r\u00e9alit\u00e9 augment\u00e9e\/virtuelle\n<br>\n<img loading=\"lazy\" decoding=\"async\" src=\"http:\/\/pictureschool.fr\/wp-content\/uploads\/2023\/05\/check_03.png\" alt=\"\" width=\"13\" height=\"10\" class=\"alignnone size-full wp-image-2927\" \/> Technologie de la r\u00e9alit\u00e9 augment\u00e9e\/virtuelle\n<br>\n<img loading=\"lazy\" decoding=\"async\" src=\"http:\/\/pictureschool.fr\/wp-content\/uploads\/2023\/05\/check_03.png\" alt=\"\" width=\"13\" height=\"10\" class=\"alignnone size-full wp-image-2927\" \/> Conception d'univers virtuels\n<br>\n<img loading=\"lazy\" decoding=\"async\" src=\"http:\/\/pictureschool.fr\/wp-content\/uploads\/2023\/05\/check_03.png\" alt=\"\" width=\"13\" height=\"10\" class=\"alignnone size-full wp-image-2927\" \/> Marketing de contenu.\n<\/div>\n<div class=\"faqs-img\">\n<img loading=\"lazy\" decoding=\"async\" src=\"http:\/\/pictureschool.fr\/wp-content\/uploads\/2023\/05\/faqs-img_03-300x260.png\" alt=\"\" width=\"562\" height=\"488\" class=\"alignnone size-medium wp-image-2944\" srcset=\"https:\/\/pictureschool.fr\/wp-content\/uploads\/2023\/05\/faqs-img_03-300x260.png 300w, https:\/\/pictureschool.fr\/wp-content\/uploads\/2023\/05\/faqs-img_03.png 562w\" sizes=\"auto, (max-width: 562px) 100vw, 562px\" \/> \n<\/div>\n<\/div><\/p><\/div>\n                <\/div><div class=\"eael-accordion-list\">\n                <div id=\"pourquoi-une-nouvelle-cole\" class=\"elementor-tab-title eael-accordion-header\" tabindex=\"1433\" data-tab=\"3\" aria-controls=\"elementor-tab-content-1433\"><span class=\"eael-advanced-accordion-icon-closed\"><i aria-hidden=\"true\" class=\"fa-accordion-icon far fa-question-circle\"><\/i><\/span><span class=\"eael-advanced-accordion-icon-opened\"><i aria-hidden=\"true\" class=\"fa-accordion-icon far fa-question-circle\"><\/i><\/span><span class=\"eael-accordion-tab-title\">Pourquoi une nouvelle \u00e9cole?<\/span><i aria-hidden=\"true\" class=\"fa-toggle fas fa-angle-down\"><\/i><\/div><div id=\"elementor-tab-content-1433\" class=\"eael-accordion-content clearfix\" data-tab=\"3\" aria-labelledby=\"pourquoi-une-nouvelle-cole\"><p><div class=\"faqs-contant\">\n<div class=\"faqs-txt\">\n<h4>Secteurs porteurs dans le contenu :<\/h4>\n<img loading=\"lazy\" decoding=\"async\" src=\"http:\/\/pictureschool.fr\/wp-content\/uploads\/2023\/05\/check_03.png\" alt=\"\" width=\"13\" height=\"10\" class=\"alignnone size-full wp-image-2927\" \/>  Marketing num\u00e9rique\n<br>\n<img loading=\"lazy\" decoding=\"async\" src=\"http:\/\/pictureschool.fr\/wp-content\/uploads\/2023\/05\/check_03.png\" alt=\"\" width=\"13\" height=\"10\" class=\"alignnone size-full wp-image-2927\" \/> Contenu vid\u00e9o (par exemple, YouTube et les r\u00e9seaux sociaux)\n<br>\n<img loading=\"lazy\" decoding=\"async\" src=\"http:\/\/pictureschool.fr\/wp-content\/uploads\/2023\/05\/check_03.png\" alt=\"\" width=\"13\" height=\"10\" class=\"alignnone size-full wp-image-2927\" \/> Production de s\u00e9ries et de films unitaires\n<br>\n<img loading=\"lazy\" decoding=\"async\" src=\"http:\/\/pictureschool.fr\/wp-content\/uploads\/2023\/05\/check_03.png\" alt=\"\" width=\"13\" height=\"10\" class=\"alignnone size-full wp-image-2927\" \/> Les effets sp\u00e9ciaux : tous m\u00e9tiers\n<br>\n<img loading=\"lazy\" decoding=\"async\" src=\"http:\/\/pictureschool.fr\/wp-content\/uploads\/2023\/05\/check_03.png\" alt=\"\" width=\"13\" height=\"10\" class=\"alignnone size-full wp-image-2927\" \/> L'administration de production\n<br>\n<img loading=\"lazy\" decoding=\"async\" src=\"http:\/\/pictureschool.fr\/wp-content\/uploads\/2023\/05\/check_03.png\" alt=\"\" width=\"13\" height=\"10\" class=\"alignnone size-full wp-image-2927\" \/> Intelligence artificielle et analyse de donn\u00e9es\n<br>\n<img loading=\"lazy\" decoding=\"async\" src=\"http:\/\/pictureschool.fr\/wp-content\/uploads\/2023\/05\/check_03.png\" alt=\"\" width=\"13\" height=\"10\" class=\"alignnone size-full wp-image-2927\" \/> Marketing de contenu (cr\u00e9ation de contenu pour les marques)\n<br>\n<img loading=\"lazy\" decoding=\"async\" src=\"http:\/\/pictureschool.fr\/wp-content\/uploads\/2023\/05\/check_03.png\" alt=\"\" width=\"13\" height=\"10\" class=\"alignnone size-full wp-image-2927\" \/> Technologie vocale (assistants virtuels tels que Siri et Alexa)\n\n<h4 class=\"h4-10\">Secteurs qui cr\u00e9eront le plus d'emploi :<\/h4>\n<img loading=\"lazy\" decoding=\"async\" src=\"http:\/\/pictureschool.fr\/wp-content\/uploads\/2023\/05\/check_03.png\" alt=\"\" width=\"13\" height=\"10\" class=\"alignnone size-full wp-image-2927\" \/> Intelligence artificielle et analyse de donn\u00e9es\n<br>\n<img loading=\"lazy\" decoding=\"async\" src=\"http:\/\/pictureschool.fr\/wp-content\/uploads\/2023\/05\/check_03.png\" alt=\"\" width=\"13\" height=\"10\" class=\"alignnone size-full wp-image-2927\" \/> Technologie de la r\u00e9alit\u00e9 augment\u00e9e\/virtuelle\n<br>\n<img loading=\"lazy\" decoding=\"async\" src=\"http:\/\/pictureschool.fr\/wp-content\/uploads\/2023\/05\/check_03.png\" alt=\"\" width=\"13\" height=\"10\" class=\"alignnone size-full wp-image-2927\" \/> Technologie de la r\u00e9alit\u00e9 augment\u00e9e\/virtuelle\n<br>\n<img loading=\"lazy\" decoding=\"async\" src=\"http:\/\/pictureschool.fr\/wp-content\/uploads\/2023\/05\/check_03.png\" alt=\"\" width=\"13\" height=\"10\" class=\"alignnone size-full wp-image-2927\" \/> Conception d'univers virtuels\n<br>\n<img loading=\"lazy\" decoding=\"async\" src=\"http:\/\/pictureschool.fr\/wp-content\/uploads\/2023\/05\/check_03.png\" alt=\"\" width=\"13\" height=\"10\" class=\"alignnone size-full wp-image-2927\" \/> Marketing de contenu.\n<\/div>\n<div class=\"faqs-img\">\n<img loading=\"lazy\" decoding=\"async\" src=\"http:\/\/pictureschool.fr\/wp-content\/uploads\/2023\/05\/faqs-img_03-300x260.png\" alt=\"\" width=\"562\" height=\"488\" class=\"alignnone size-medium wp-image-2944\" srcset=\"https:\/\/pictureschool.fr\/wp-content\/uploads\/2023\/05\/faqs-img_03-300x260.png 300w, https:\/\/pictureschool.fr\/wp-content\/uploads\/2023\/05\/faqs-img_03.png 562w\" sizes=\"auto, (max-width: 562px) 100vw, 562px\" \/> \n<\/div>\n<\/div><\/p><\/div>\n                <\/div><\/div>\t\t<\/div>\n\t\t\t\t<\/div>\n\t\t\t\t\t<\/div>\n\t\t<\/div>\n\t\t\t\t\t\t\t<\/div>\n\t\t<\/section>\n\t\t\t\t\t<\/div>\n\t\t<\/div>\n\t\t\t\t\t\t\t<\/div>\n\t\t<\/section>\n\t\t\t\t\t\t\t<\/div>\n\t\t","protected":false},"excerpt":{"rendered":"<p>Questions Frequemment Pos\u00e9es Retrouvez ici les questions les plus couramment pos\u00e9espar nos postulants. Pourquoi une nouvelle \u00e9cole? Secteurs porteurs dans le contenu : Marketing num\u00e9rique Contenu vid\u00e9o (par exemple, YouTube [&hellip;]<\/p>\n","protected":false},"author":1,"featured_media":0,"parent":0,"menu_order":0,"comment_status":"closed","ping_status":"closed","template":"","meta":{"footnotes":""},"class_list":["post-2820","page","type-page","status-publish","hentry"],"_links":{"self":[{"href":"https:\/\/pictureschool.fr\/index.php\/wp-json\/wp\/v2\/pages\/2820","targetHints":{"allow":["GET"]}}],"collection":[{"href":"https:\/\/pictureschool.fr\/index.php\/wp-json\/wp\/v2\/pages"}],"about":[{"href":"https:\/\/pictureschool.fr\/index.php\/wp-json\/wp\/v2\/types\/page"}],"author":[{"embeddable":true,"href":"https:\/\/pictureschool.fr\/index.php\/wp-json\/wp\/v2\/users\/1"}],"replies":[{"embeddable":true,"href":"https:\/\/pictureschool.fr\/index.php\/wp-json\/wp\/v2\/comments?post=2820"}],"version-history":[{"count":115,"href":"https:\/\/pictureschool.fr\/index.php\/wp-json\/wp\/v2\/pages\/2820\/revisions"}],"predecessor-version":[{"id":3933,"href":"https:\/\/pictureschool.fr\/index.php\/wp-json\/wp\/v2\/pages\/2820\/revisions\/3933"}],"wp:attachment":[{"href":"https:\/\/pictureschool.fr\/index.php\/wp-json\/wp\/v2\/media?parent=2820"}],"curies":[{"name":"wp","href":"https:\/\/api.w.org\/{rel}","templated":true}]}}